t is 1348 (base 12) in base 9?
3032
What is 2202121 (base 3) in base 4?
133132
What is -120333 (base 4) in base 15?
-719
Convert -25210 (base 7) to base 9.
-10067
What is 1311003 (base 4) in base 12?
4403
What is -171174 (base 8) in base 6?
-1155220
-64263 (base 9) to base 15
-c8d6
1552 (base 12) to base 15
b25
-164640 (base 8) to base 6
-1140520
What is 31641 (base 8) in base 7?
53351
e47 (base 16) to base 14
1491
What is -2144 (base 6) in base 4?
-13300
What is -62e (base 15) in base 11?
-1058
210100 (base 3) to base 7
1452
What is -150 (base 6) in base 15?
-46
Convert 36089 (base 10) to base 11.
25129
What is 1651 (base 12) in base 8?
5135
Convert -9b42 (base 13) to base 5.
-1143221
Convert 167 (base 15) to base 12.
22a
-51a (base 13) to base 7
-2350
-756 (base 8) to base 13
-2c0
Convert 3345 (base 7) to base 10.
1209
-12023002 (base 4) to base 14
-92dc
What is 313 (base 4) in base 16?
37
Convert -30203 (base 4) to base 10.
-803
Convert 1011000001 (base 2) to base 13.
423
Convert -83428 (base 9) to base 8.
-153361
Convert 428 (base 15) to base 14.
4b0
What is -25b5 (base 12) in base 5?
-114223
Convert -613 (base 9) to base 4.
-13302
1589 (base 13) to base 4
301103
1254 (base 9) to base 8
1654
-205 (base 12) to base 9
-355
11257 (base 8) to base 3
20120011
6c9 (base 16) to base 7
5031
Convert 3231 (base 9) to base 3.
10021001
-81b (base 12) to base 14
-5dd
What is 53c (base 16) in base 12?
938
What is -d880 (base 14) in base 9?
-56212
Convert -1101111101001001 (base 2) to base 5.
-3312121
Convert -5895 (base 10) to base 13.
-28b6
-10101010000001 (base 2) to base 10
-10881
-239 (base 11) to base 8
-434
-1378 (base 9) to base 3
-1102122
101111110 (base 3) to base 10
7653
What is -321200 (base 5) in base 2?
-10101000110000
Convert 226 (base 9) to base 12.
136
Convert -645 (base 12) to base 2.
-1110010101
Convert -26807 (base 9) to base 3.
-220220021
What is 1a226 (base 12) in base 6?
453250
Convert 1f2f (base 16) to base 9.
11850
38c (base 13) to base 4
21233
Convert -22b (base 14) to base 3.
-120222
Convert 15909 (base 13) to base 11.
28952
111001100 (base 2) to base 4
13030
Convert 14260 (base 10) to base 6.
150004
Convert 2232 (base 7) to base 9.
1086
What is 212 (base 13) in base 7?
1013
-17334 (base 8) to base 13
-3799
Convert 32426 (base 10) to base 16.
7eaa
Convert -20033213 (base 4) to base 10.
-33767
Convert -15b6 (base 13) to base 15.
-e2b
Convert -323 (base 6) to base 16.
-7b
Convert 20105 (base 10) to base 7.
112421
What is 650 (base 7) in base 10?
329
-11333 (base 7) to base 15
-ce5
-2674 (base 8) to base 9
-2011
What is -1101210 (base 4) in base 12?
-3030
What is -22863 (base 9) in base 8?
-35665
What is 10111221 (base 3) in base 9?
3457
-5364 (base 7) to base 10
-1908
Convert -1000000011110 (base 2) to base 11.
-3111
10340 (base 5) to base 9
880
-1173 (base 9) to base 11
-727
What is -10110010 (base 2) in base 9?
-217
What is 1043433 (base 5) in base 14?
6adc
-212422 (base 5) to base 3
-100221001
What is -55710 (base 10) in base 16?
-d99e
622 (base 14) to base 3
1122200
-17b52 (base 12) to base 8
-103256
6603 (base 7) to base 13
10c2
What is -12625 (base 11) in base 3?
-220202202
340 (base 12) to base 15
220
What is -3a6 (base 12) in base 16?
-22e
Convert -69a (base 12) to base 3.
-1100101
What is -211 (base 4) in base 8?
-45
Convert -a8aa (base 13) to base 2.
-101101110100110
3578 (base 11) to base 15
15c3
-13101 (base 8) to base 5
-140242
10 (base 11) to base 14
b
Convert -1011011001101 (base 2) to base 6.
-43005
What is -11d6 (base 14) in base 3?
-11021212
What is 4493 (base 10) in base 12?
2725
Convert -1515 (base 10) to base 11.
-1158
110101011100 (base 2) to base 3
11200200
Convert -112420 (base 7) to base 2.
-100111010001000
Convert 714 (base 8) to base 6.
2044
Convert 110001111 (base 2) to base 11.
333
-740a (base 15) to base 12
-12247
121111212 (base 3) to base 5
341123
111211200 (base 3) to base 10
10089
11231 (base 4) to base 5
2430
646 (base 11) to base 16
308
-3142313 (base 5) to base 15
-109c3
Convert 3000 (base 4) to base 15.
cc
What is -4402 (base 9) in base 6?
-23002
What is -636 (base 13) in base 15?
-4a9
132142 (base 5) to base 13
2546
-22e (base 15) to base 11
-40a
-16064 (base 8) to base 4
-1300310
Convert 204240 (base 5) to base 9.
10317
-112100 (base 3) to base 16
-183
13516 (base 8) to base 7
23252
Convert -2103211 (base 5) to base 2.
-1000011111110110
-8d75 (base 15) to base 12
-1546b
25 (base 8) to base 6
33
What is 1001000101 (base 2) in base 15?
28b
-12211101 (base 3) to base 13
-1c1b
407 (base 11) to base 6
2135
Convert -18458 (base 9) to base 2.
-11000111100010
What is 36005 (base 8) in base 14?
5857
Convert 251405 (base 7) to base 2.
1011010001010011
What is -534 (base 6) in base 10?
-202
Convert 3f86 (base 16) to base 15.
4c42
Convert -a18 (base 14) to base 7.
-5531
What is -189 (base 16) in base 10?
-393
What is -11520 (base 10) in base 12?
-6800
Convert -13112 (base 4) to base 2.
-111010110
Convert -102213 (base 4) to base 14.
-611
What is -12021 (base 7) in base 2?
-110000011110
Convert -2000000 (base 3) to base 8.
-2662
Convert -7244 (base 9) to base 3.
-21021111
Convert 1100002 (base 3) to base 15.
44e
What is 1122404 (base 6) in base 7?
326641
-224510 (base 7) to base 12
-1b208
What is 2116 (base 7) in base 16?
2ec
Convert -1111110 (base 2) to base 3.
-11200
47242 (base 9) to base 7
160655
Convert 3022201 (base 4) to base 14.
4a1b
What is -645 (base 11) in base 16?
-307
What is 231452 (base 6) in base 11?
1399a
-4122 (base 7) to base 12
-9b9
Convert 34a (base 12) to base 5.
3430
Convert 1589b (base 13) to base 4.
22001002
Convert -1111011100 (base 2) to base 4.
-33130
Convert 6782 (base 9) to base 16.
1397
What is -11001 (base 3) in base 6?
-301
What is -12010122 (base 3) in base 8?
-7237
What is 2341 (base 12) in base 2?
111101100001
-3119 (base 11) to base 7
-15024
Convert 13286 (base 12) to base 5.
1320220
-2101120 (base 3) to base 8
-3317
Convert 936 (base 11) to base 14.
5a8
What is 37 (base 10) in base 11?
34
Convert 36b (base 13) to base 11.
4a2
-9575 (base 11) to base 10
-12666
What is 1164a (base 11) in base 16?
4170
-2196 (base 10) to base 9
-3010
-3789a (base 12) to base 9
-124601
-719 (base 12) to base 14
-537
What is 1730 (base 8) in base 7?
2604
Convert 855e (base 15) to base 10.
28214
87 (base 15) to base 11
106
Convert 12476 (base 8) to base 2.
1010100111110
Convert 11403 (base 7) to base 2.
101101111111
Convert -8126 (base 10) to base 8.
-17676
What is -2a (base 15) in base 12?
-34
What is -2b7 (base 12) in base 16?
-1ab
1001111010000000 (base 2) to base 10
40576
-53433 (base 6) to base 5
-213133
Convert -7 (base 11) to base 8.
-7
5513 (base 6) to base 9
1660
-14335 (base 7) to base 10
-3946
What is -1074 (base 8) in base 13?
-350
Convert -1001101000100000 (base 2) to base 4.
-21220200
-b4d (base 16) to base 3
-10222011
261062 (base 7) to base 16
bd17
104421 (base 6) to base 9
13054
12220000 (base 3) to base 14
17c9
-625 (base 9) to base 6
-2205
5891 (base 15) to base 10
18811
What is -104113 (base 7) in base 5?
-1040423
-45b3 (base 12) to base 5
-222032
What is -477 (base 16) in base 15?
-513
What is -13843 (base 9) in base 7?
-36336
What is -51452 (base 6) in base 12?
-3b88
Convert -749 (base 11) to base 10.
-900
What is 220210 (base 3) in base 6?
3033
What is 5a5 (base 13) in base 7?
2600
What is -108 (base 10) in base 9?
-130
What is 1102012 (base 3) in base 14?
539
What is -910 (base 13) in base 8?
-2776
What is -1b96 (base 13) in base 9?
-5653
What is -2432 (base 6) in base 4?
-21110
-1010 (base 9) to base 15
-343
Convert 13260 (base 8) to base 15.
1ac3
Convert 101501 (base 6) to base 14.
2d9b
Convert -c14a (base 13) to base 6.
-323043
Convert -3714 (base 8) to base 4.
-133030
15244 (base 7) to base 10
4246
What is -a0 (base 11) in base 9?
-132
Convert 773 (base 13) to base 3.
1202022
What is 11761 (base 9) in base 15?
2527
Convert 3331 (base 8) to base 3.
2101221
-2022101 (base 3) to base 12
-b84
What is 179 (base 10) in base 5?
1204
What is -102 (base 7) in base 12?
-43
1000011 (base 3) to base 5
10413
3566 (base 9) to base 5
41102
Convert 23342 (base 6) to base 11.
2598
-46 (base 11) to base 6
-122
What is -28a6c (base 13) in base 9?
-125815
199 (base 13) to bas